d by 44?
38
Calculate the remainder when 41 is divided by 20.
1
What is the remainder when 1281 is divided by 79?
17
Calculate the remainder when 371 is divided by 165.
41
Calculate the remainder when 10 is divided by 7.
3
What is the remainder when 153 is divided by 10?
3
Calculate the remainder when 124 is divided by 91.
33
What is the remainder when 964 is divided by 14?
12
What is the remainder when 2423 is divided by 86?
15
What is the remainder when 1094 is divided by 345?
59
What is the remainder when 80 is divided by 7?
3
Calculate the remainder when 916 is divided by 27.
25
Calculate the remainder when 1111 is divided by 112.
103
What is the remainder when 5050 is divided by 29?
4
Calculate the remainder when 23604 is divided by 104.
100
What is the remainder when 51 is divided by 7?
2
What is the remainder when 164 is divided by 85?
79
Calculate the remainder when 7841 is divided by 212.
209
Calculate the remainder when 456 is divided by 152.
0
What is the remainder when 316 is divided by 81?
73
What is the remainder when 13298 is divided by 28?
26
Calculate the remainder when 221 is divided by 214.
7
What is the remainder when 2049 is divided by 2011?
38
Calculate the remainder when 281 is divided by 68.
9
Calculate the remainder when 90 is divided by 50.
40
Calculate the remainder when 485 is divided by 45.
35
Calculate the remainder when 25 is divided by 15.
10
Calculate the remainder when 683 is divided by 4.
3
What is the remainder when 1144 is divided by 58?
42
Calculate the remainder when 1209 is divided by 475.
259
Calculate the remainder when 137 is divided by 14.
11
Calculate the remainder when 2429 is divided by 162.
161
Calculate the remainder when 896 is divided by 43.
36
Calculate the remainder when 249 is divided by 5.
4
Calculate the remainder when 957 is divided by 48.
45
Calculate the remainder when 158 is divided by 144.
14
What is the remainder when 6665 is divided by 94?
85
Calculate the remainder when 36 is divided by 11.
3
What is the remainder when 209 is divided by 76?
57
What is the remainder when 324 is divided by 66?
60
What is the remainder when 32580 is divided by 10858?
6
Calculate the remainder when 1888 is divided by 14.
12
What is the remainder when 1963 is divided by 26?
13
Calculate the remainder when 295 is divided by 33.
31
Calculate the remainder when 253 is divided by 127.
126
Calculate the remainder when 768 is divided by 54.
12
What is the remainder when 31 is divided by 12?
7
Calculate the remainder when 71 is divided by 40.
31
Calculate the remainder when 82 is divided by 44.
38
What is the remainder when 413 is divided by 42?
35
What is the remainder when 150 is divided by 79?
71
What is the remainder when 650 is divided by 31?
30
Calculate the remainder when 214 is divided by 12.
10
Calculate the remainder when 62 is divided by 12.
2
Calculate the remainder when 302 is divided by 20.
2
What is the remainder when 119 is divided by 40?
39
Calculate the remainder when 1089 is divided by 4.
1
Calculate the remainder when 412 is divided by 132.
16
Calculate the remainder when 2792 is divided by 132.
20
What is the remainder when 1068 is divided by 4?
0
What is the remainder when 202 is divided by 34?
32
What is the remainder when 159 is divided by 83?
76
What is the remainder when 158 is divided by 69?
20
What is the remainder when 1409 is divided by 141?
140
What is the remainder when 577 is divided by 116?
113
Calculate the remainder when 306 is divided by 94.
24
Calculate the remainder when 208 is divided by 19.
18
Calculate the remainder when 276 is divided by 93.
90
What is the remainder when 125 is divided by 26?
21
Calculate the remainder when 1802 is divided by 42.
38
Calculate the remainder when 253 is divided by 86.
81
What is the remainder when 403 is divided by 24?
19
What is the remainder when 783 is divided by 57?
42
What is the remainder when 637 is divided by 32?
29
What is the remainder when 93 is divided by 48?
45
Calculate the remainder when 4779 is divided by 38.
29
Calculate the remainder when 114 is divided by 29.
27
Calculate the remainder when 379 is divided by 16.
11
What is the remainder when 345 is divided by 70?
65
Calculate the remainder when 1162 is divided by 387.
1
What is the remainder when 569 is divided by 23?
17
What is the remainder when 130 is divided by 12?
10
What is the remainder when 429 is divided by 18?
15
What is the remainder when 583 is divided by 30?
13
What is the remainder when 41 is divided by 21?
20
Calculate the remainder when 647 is divided by 59.
57
What is the remainder when 60 is divided by 42?
18
Calculate the remainder when 687 is divided by 324.
39
What is the remainder when 323 is divided by 108?
107
What is the remainder when 26 is divided by 15?
11
What is the remainder when 894 is divided by 49?
12
What is the remainder when 1869 is divided by 117?
114
Calculate the remainder when 96 is divided by 61.
35
What is the remainder when 82 is divided by 28?
26
What is the remainder when 868 is divided by 30?
28
What is the remainder when 286 is divided by 36?
34
Calculate the remainder when 35 is divided by 8.
3
Calculate the remainder when 481 is divided by 44.
41
What is the remainder when 183 is divided by 175?
8
What is the remainder when 2 is divided by 1?
0
Calculate the remainder when 299 is divided by 18.
11
What is the remainder when 1279 is divided by 32?
31
What is the remainder when 807 is divided by 80?
7
What is the remainder when 1272 is divided by 98?
96
What is the remainder when 114 is divided by 46?
22
What is the remainder when 269 is divided by 264?
5
What is the remainder when 202 is divided by 29?
28
What is the remainder when 859 is divided by 56?
19
What is the remainder when 1566 is divided by 56?
54
What is the remainder when 33 is divided by 3?
0
Calculate the remainder when 692 is divided by 99.
98
What is the remainder when 1322 is divided by 23?
11
Calculate the remainder when 509 is divided by 16.
13
What is the remainder when 25 is divided by 12?
1
What is the remainder when 4128 is divided by 35?
33
What is the remainder when 241 is divided by 78?
7
What is the remainder when 4499 is divided by 90?
89
What is the remainder when 62 is divided by 5?
2
Calculate the remainder when 1319 is divided by 40.
39
Calculate the remainder when 1147 is divided by 19.
7
Calculate the remainder when 165 is divided by 4.
1
What is the remainder when 5876 is divided by 56?
52
Calculate the remainder when 153 is divided by 44.
21
Calculate the remainder when 12689 is divided by 47.
46
Calculate the remainder when 3644 is divided by 331.
3
What is the remainder when 292 is divided by 155?
137
What is the remainder when 610 is divided by 94?
46
What is the remainder when 180 is divided by 4?
0
What is the remainder when 34057 is divided by 130?
127
Calculate the remainder when 278 is divided by 70.
68
Calculate the remainder when 2771 is divided by 21.
20
Calculate the remainder when 557 is divided by 80.
77
What is the remainder when 314 is divided by 33?
17
What is the remainder when 1689 is divided by 94?
91
Calculate the remainder when 407 is divided by 47.
31
What is the remainder when 1275 is divided by 242?
65
Calculate the remainder when 97 is divided by 3.
1
What is the remainder when 153 is divided by 31?
29
Calculate the remainder when 156 is divided by 9.
3
Calculate the remainder when 1149 is divided by 288.
285
What is the remainder when 349 is divided by 119?
111
Calculate the remainder when 42 is divided by 7.
0
What is the remainder when 45 is divided by 12?
9
What is the remainder when 178 is divided by 13?
9
What is the remainder when 5930 is divided by 69?
65
What is the remainder when 1155 is divided by 145?
140
What is the remainder when 250 is divided by 127?
123
Calculate the remainder when 15219 is divided by 88.
83
Calculate the remainder when 893 is divided by 218.
21
Calculate the remainder when 17547 is divided by 225.
222
What is the remainder when 220 is divided by 114?
106
What is the remainder when 2348 is divided by 13?
8
What is the remainder when 53 is divided by 36?
17
What is the remainder when 365 is divided by 61?
60
Calculate the remainder when 9460 is divided by 38.
36
Calcula